 2*t - 6*t, 2*u - 5*t + 2 = 0. Suppose u*o - 8*o = 108. What is the tens digit of o?
0
Suppose -4*a + 2*a = -2. What is the tens digit of 4*(-1)/a - (-3 + -47)?
4
Let y = -4 + 5. Suppose 3*b = 14 + y. Suppose -2*w + 65 = b*j + 3, 0 = -j. What is the tens digit of w?
3
Let c = -2037 + 5673. What is the tens digit of c?
3
Let f be (0/(-5) - -1) + 3. What is the units digit of 3 - (-12)/2 - f?
5
Let z(f) = 32*f + 4. Let b be z(7). Suppose 30*a - b = 24*a. What is the tens digit of a?
3
Let j(w) = -w**3 + 5*w**2 - 5*w + 8. Suppose q - 3*q + 12 = 5*u, 4*u - 5*q = 36. Let y be j(u). Suppose 154 = y*r - 42. What is the tens digit of r?
4
What is the units digit of (46/(-10) - (-8)/(-20)) + 451?
6
Let a = 2804 + 207. What is the tens digit of a?
1
Let t = -1176 - -1685. What is the hundreds digit of t?
5
Let b = 32 + -52. Suppose 0 = 4*l + 4*y + 8, 5*y + 6 = l - 10. What is the units digit of 3 - (b + -2)*l?
5
Let z = 40 + -77. Let i = -2 - z. What is the units digit of i?
5
Let d be (70/(-15) + 4)/(3/9). Let t(c) = -8*c - 2. What is the tens digit of t(d)?
1
Let q(a) = -2*a**2 + 19*a + a**2 - a**3 - 22*a + 1. What is the units digit of q(-3)?
8
Let r(g) = -7*g**2 - 49*g + 1. What is the units digit of r(-7)?
1
Suppose -7 = 3*y + 2. What is the tens digit of ((-51)/(-4))/(y/(-32))?
3
Let m(d) = d**3 + 27*d**2 + 56*d + 112. What is the tens digit of m(-23)?
4
Let x = 1139 - 606. What is the units digit of x?
3
Let n be -10*((5 - 2) + (-35)/10). Suppose -5*c + 127 = v - 642, -4*v + 781 = n*c. What is the tens digit of c?
5
Suppose 3*l = -4*x + 4403, 0 = 5*l + 17*x - 18*x - 7346. What is the hundreds digit of l?
4
Suppose 5 + 1175 = 2*u + i, i + 4 = 0. Suppose -2*v - u = -3*j, 8*v = 4*v - 8. What is the tens digit of j?
9
Let q(k) = -k**3 - 4*k**2 + 3*k + 2. Let j = 21 - 26. What is the units digit of q(j)?
2
Suppose -4*d = -s + 2111, -4*d + 1697 + 2585 = 2*s. What is the units digit of s?
1
Let u(w) = w + 14. Let h be u(-9). Suppose h*d + 5*r - 305 = 0, 212 - 33 = 3*d + 2*r. What is the tens digit of d?
5
Suppose -3*d = 5*c - 1668, 2*c + 3*d + 1692 = 7*c. What is the units digit of c?
6
Let b be ((-4)/1)/((-2)/17). Suppose 0 = 4*u - 2*u - b. What is the units digit of u?
7
Let r = -8 - -12. Suppose -2*w = -3*i - 42, 2*w - 5*w + 80 = r*i. Suppose w = 3*f - 6. What is the tens digit of f?
1
Suppose 0 = 8*f - 6*f - 48. Suppose -4*k = 16, -7*t - 5*k - f = -3*t. Let q(i) = 47*i**2 - 1. What is the units digit of q(t)?
6
Let s be 8/(-28) + (-27)/(-21). Let y = 40 - 29. Suppose 5*x + s = y. What is the units digit of x?
2
Suppose -2 - 1 = -3*m, 5*k + 37 = -3*m. Let v(f) = 3*f**2 + 9. What is the units digit of v(k)?
1
Let p = -163 + 148. Let w be (0 - 50) + -3 + 4. Let g = p - w. What is the tens digit of g?
3
Let w(y) = -y**2 + 9*y + 10. Let q be w(10). Suppose -5*c = 2*z - 160, q = 2*c - 2*z - 15 - 35. What is the tens digit of c?
3
Let j(h) be the third derivative of h**5/15 - 3*h**4/8 + 17*h**3/6 - 33*h**2. What is the units digit of j(4)?
5
Let s = -1756 - -3443. What is the hundreds digit of s?
6
Suppose -g = -6*g + 15. Let q(b) = 0 + 2*b - 4 - 25*b**3 + 6*b**2 + 24*b**g - 4*b. What is the units digit of q(5)?
1
What is the hundreds digit of (-2)/12 - 39375/(-54)?
7
Let a = 812 + -524. Suppose a = 7*k - 97. What is the tens digit of k?
5
Suppose -3*f + 166 = -6*f - 4*k, f = -k - 55. Let l = f - -70. What is the units digit of l?
6
Let l be (-11 - 4)/((-1)/5). Let p = l - 46. What is the units digit of p?
9
Let z = 21 + 1. Let p = z - 15. Suppose -182 = -p*o + 217. What is the units digit of o?
7
Let b(v) = -v**3 - 11*v**2 - 11*v - 14. Let q be b(-10). What is the units digit of q + (0 - 2) + 7?
1
Suppose i - 31 = -v - 2*i, 5*v - 220 = -2*i. Let k = -21 + v. What is the tens digit of k?
2
Let y = 6571 - 3914. What is the hundreds digit of y?
6
Let c(r) = -r**3 - 4*r**2 - 8*r + 1. Suppose -3*u + 9 = 27. Let h be c(u). Suppose -3*j + 2*j + 5*b = -51, 3*j - h = -b. What is the units digit of j?
1
Suppose 6 = 3*b - k, 2*b + 5*k - 9 = 4*b. Suppose 0*g + 3 = b*g. Suppose 0 = -3*n + u - 4*u + 21, g = n - 2*u. What is the units digit of n?
5
Suppose -5*t + 54 = -1. Suppose -l - t = -g, -3*l = -4*g + 3*g + 7. What is the tens digit of g?
1
Let w(v) = -v**3 + 18*v**2 - 13*v + 21. What is the hundreds digit of w(13)?
6
Suppose 5 = 5*c, -2*x - 3*c = -c - 12. Suppose -2*l = -x*l + 18. Suppose a = i - 10, l*a = -2*i + a + 20. What is the tens digit of i?
1
Let s be 53 + 3/3*0. Suppose -5*z + 152 + s = 0. Suppose 5*r - c = -6*c + 115, 2*r + c = z. What is the tens digit of r?
1
Suppose 2*x + 4116 = -2*r, 6*x - 7*x + 4*r = 2068. What is the hundreds digit of (x/80)/((-2)/8)?
1
Suppose -3*p + 5*d = -37, p + 0*p + 16 = -4*d. Suppose -5*n + k = -p*k - 585, -n = -2*k - 122. What is the tens digit of n?
1
Suppose 4*r + 16*n = 15*n + 7030, -r = -5*n - 1747. What is the tens digit of r?
5
Suppose g - 3*a = -2, 5 = 4*g - 4*a - 3. Suppose -786 = -5*k + r, -k - g*r = -r - 154. What is the tens digit of k?
5
What is the tens digit of (-5064)/1*(-58)/87?
7
Let d(w) = -3*w - 7. Let t(h) = -h - 4. Let b be t(-8). Suppose 0 = b*a + 10 + 10. What is the units digit of d(a)?
8
Suppose 0 = -f - 3*d + 656, -f - d = 2*f - 1928. What is the hundreds digit of f?
6
Let a(b) = -b**3 + 11*b**2 + b - 21. Let p = -25 + 35. What is the tens digit of a(p)?
8
Suppose 6*w + 32 = 2*w. What is the tens digit of w/(-12) + 796/12?
6
Let q(z) = z**3 - 13*z**2 - 11*z + 6. Let u be q(14). Let k = u + -34. What is the tens digit of k?
1
Let r be ((-27)/18)/(6/(-964)). Suppose 65 = -o + 5*z + 313, -2*z = o - r. What is the units digit of o?
3
Let b = -37 + 32. Let m(v) = -2*v**3 - 6*v**2 + 3*v - 5. What is the units digit of m(b)?
0
Let p(l) = 4*l - 74. Let a be p(17). Let f(q) = -26*q + 4. What is the tens digit of f(a)?
6
Let f be (44/(-8))/(2/20). Let h = -26 - f. What is the tens digit of h?
2
Let v be 6/42 + 20/7. Suppose -2*b + 4*b - v*y - 97 = 0, 0 = -b - 2*y + 38. What is the units digit of b?
4
Suppose 4*l - p + 33 = 0, -4*l + 9*p - 4*p - 37 = 0. Let y(m) = m + 8. Let k(i) = 3*i + 25. Let u(z) = 3*k(z) - 8*y(z). What is the units digit of u(l)?
3
Let a = 119 + -119. Suppose 2*j + 2*r = 11 + 21, a = -3*j + 3*r + 72. What is the units digit of j?
0
Suppose -j - 4*j - 75 = 0. Let t = j + 29. What is the tens digit of t?
1
Let t be 35 - (1 - 13)/3. Let g = t - 14. What is the tens digit of g?
2
What is the units digit of (((-1725)/(-20))/15)/((-1)/(-372))?
9
Suppose 3*q - 2878 - 442 = -2*w, 0 = -q + w + 1110. What is the tens digit of q?
0
Suppose -3*i = z - 1322, -3*i - i + 1762 = 2*z. What is the tens digit of i?
4
Let u(x) = -x**3 + 2*x + 2. Let c(m) = m**3 - 3. Suppose 0 = -n - 4*n. Let v be c(n). What is the units digit of u(v)?
3
Let f be 30/(-105) + 26960/(-14). What is the tens digit of (-8)/(-10) + f/(-30)?
6
Suppose d - 3*d = 368. What is the tens digit of (-4)/18 + d/(-18)?
1
Let a(x) = x**3 - 14*x**2 - 13*x + 54. What is the tens digit of a(16)?
5
Suppose 3*b - 24 = 2*u + 2*u, -2*b + 39 = 5*u. Let n = b - 8. Suppose -44 = -2*l + n. What is the units digit of l?
4
Let n(u) = -u**2 - 14*u + 26. Let x be n(-18). Let z = x - -224. What is the units digit of z?
8
Let d be (2/3)/(6/135). What is the tens digit of (-418)/(-4) - d/(-30)?
0
Let b = 5 + -17. What is the tens digit of (1/(b/(-18)))/(1/70)?
0
Suppose -3*w = -3*a + 18390, -77*w + 6133 = a - 81*w. What is the thousands digit of a?
6
Let r = -1886 - -4047. What is the thousands digit of r?
2
What is the tens digit of ((-318)/(-5))/((-72)/(-480))?
2
Let b = 37 + -3. Let o = b + 1. What is the units digit of o?
5
Let v(r) = -6*r**2 + 12*r - 16. Let t(a) = 2*a**2 - 4*a + 5. Let y(u) = -11*t(u) - 4*v(u). Let i = -187 + 191. What is the tens digit of y(i)?
2
Let q(i) = -i + 7. What is the units digit of q(-10)?
7
Let d(l) = l - 3*l + 9 - 3*l - 10. Let c(q) = -3*q**2. Let f be c(-1). What is the units digit of d(f)?
4
What is the units digit of (-1 + 5)/(-16) + 18507/124?
9
What is the tens digit of -38*(7/21 + (-29)/6)?
7
Let a(j) = j**2 - 3*j - 14. Let q be a(6). Suppose q*t = -t. Suppose v + 3*w - 37 = t, -3*w - w = 0. What is the units digit of v?
7
Suppose -20128 - 9512 = -38*u. What is the units digit of u?
0
What is the units digit of 